 of 28457?
True
Does 33 divide 9273?
True
Is 297 a factor of 11880?
True
Does 77 divide 175175?
True
Does 2 divide 1046?
True
Is 13991 a multiple of 266?
False
Is 24 a factor of 348466?
False
Is 9 a factor of 7668?
True
Is 489799 a multiple of 143?
False
Is 5060220 a multiple of 991?
False
Is 175716 a multiple of 108?
True
Does 24 divide 357250?
False
Does 30 divide 731010?
True
Does 95 divide 5386966?
False
Is 295 a factor of 1593295?
True
Does 398 divide 22150944?
False
Does 16 divide 4178928?
True
Is 4931677 a multiple of 167?
True
Is 218364 a multiple of 92?
False
Is 83 a factor of 3218325?
True
Does 272 divide 237456?
True
Does 10 divide 92220?
True
Does 216 divide 1100736?
True
Is 764 a factor of 5551988?
True
Is 297093 a multiple of 27?
False
Is 107250 a multiple of 143?
True
Does 6 divide 24012?
True
Does 44 divide 32039700?
True
Is 22 a factor of 417164?
True
Is 540788 a multiple of 59?
False
Is 1126556 a multiple of 68?
True
Is 3456088 a multiple of 1208?
True
Is 16 a factor of 2600551?
False
Does 16 divide 32471712?
True
Does 128 divide 4266112?
True
Does 6 divide 14346?
True
Is 480907 a multiple of 18?
False
Is 117 a factor of 387527?
False
Is 4253843 a multiple of 739?
False
Does 33 divide 1473353?
False
Is 90 a factor of 792900?
True
Is 641826 a multiple of 181?
True
Is 4810420 a multiple of 69?
False
Is 175734 a multiple of 6?
True
Is 53 a factor of 3139561?
True
Does 42 divide 193779?
False
Does 283 divide 14967?
False
Is 81327 a multiple of 847?
False
Is 58 a factor of 12626920?
False
Is 4204872 a multiple of 630?
False
Does 7 divide 193907?
True
Does 49 divide 167090?
True
Is 304 a factor of 18977504?
True
Is 6 a factor of 34765?
False
Is 81 a factor of 6943?
False
Is 629028 a multiple of 33?
False
Is 83789 a multiple of 41?
False
Is 219932 a multiple of 6?
False
Is 1376749 a multiple of 445?
False
Is 4 a factor of 212576?
True
Is 27 a factor of 54323?
False
Is 7 a factor of 40258?
False
Is 86 a factor of 237102?
True
Is 31 a factor of 103695?
True
Is 97 a factor of 752041?
True
Does 11 divide 29777?
True
Is 2 a factor of 849951?
False
Is 759589 a multiple of 452?
False
Does 63 divide 28929?
False
Does 21 divide 1909026?
True
Is 3117330 a multiple of 45?
True
Does 104 divide 147927?
False
Is 413 a factor of 1270238?
False
Is 104899 a multiple of 6?
False
Is 305322 a multiple of 24?
False
Is 19126176 a multiple of 8?
True
Does 516 divide 15403116?
True
Is 24111893 a multiple of 1457?
True
Is 57 a factor of 2543363?
False
Is 62 a factor of 266980?
False
Is 172513 a multiple of 11?
True
Is 268826 a multiple of 64?
False
Is 55 a factor of 1743852?
False
Is 731375 a multiple of 43?
False
Is 79 a factor of 14755462?
True
Does 1244 divide 6171811?
False
Is 37078 a multiple of 119?
False
Is 34 a factor of 13802504?
True
Is 165 a factor of 2751781?
False
Is 3048930 a multiple of 73?
False
Is 10 a factor of 8454010?
True
Does 160 divide 1490880?
True
Does 201 divide 395823?
False
Does 278 divide 3536438?
True
Does 151 divide 23285?
False
Does 18 divide 12654?
True
Is 149 a factor of 51703?
True
Does 245 divide 144005?
False
Is 592579 a multiple of 7?
False
Is 463 a factor of 18057?
True
Is 188 a factor of 3114919?
False
Does 88 divide 672584?
True
Does 6 divide 1085657?
False
Does 66 divide 3192548?
False
Is 3703770 a multiple of 210?
True
Is 45 a factor of 286672?
False
Is 8 a factor of 65720?
True
Is 426529 a multiple of 225?
False
Is 223110 a multiple of 67?
True
Is 3 a factor of 2931078?
True
Is 70116 a multiple of 3?
True
Is 2745836 a multiple of 116?
True
Is 233376 a multiple of 13?
True
Is 288 a factor of 251712?
True
Is 73 a factor of 22630?
True
Is 8181172 a multiple of 19?
True
Is 25 a factor of 3935900?
True
Is 9146914 a multiple of 125?
False
Is 11 a factor of 22858?
True
Is 386 a factor of 656200?
True
Is 13 a factor of 19643?
True
Is 230 a factor of 233302?
False
Does 356 divide 2109092?
False
Does 9 divide 3911562?
True
Does 59 divide 18202090?
True
Does 74 divide 12407876?
True
Is 404595 a multiple of 243?
True
Does 23 divide 531875?
True
Is 90 a factor of 736650?
True
Is 237664 a multiple of 112?
True
Is 7600012 a multiple of 19?
False
Is 108 a factor of 184572?
True
Does 182 divide 5199983?
False
Is 3 a factor of 64506?
True
Is 1293501 a multiple of 21?
False
Is 508 a factor of 396604?
False
Does 668 divide 188376?
True
Is 40344 a multiple of 8?
True
Is 69 a factor of 105777?
True
Does 25 divide 808050?
True
Does 2 divide 83577?
False
Is 129 a factor of 1806?
True
Does 5 divide 29225?
True
Is 245 a factor of 389469?
False
Is 18078 a multiple of 164?
False
Is 170335 a multiple of 4?
False
Is 34656 a multiple of 57?
True
Does 8 divide 12865?
False
Is 36 a factor of 5698800?
True
Is 34 a factor of 127738?
True
Is 51 a factor of 1293524?
False
Is 179223 a multiple of 12?
False
Is 79830 a multiple of 165?
False
Is 596 a factor of 145014?
False
Is 764420 a multiple of 201?
False
Is 16 a factor of 417883?
False
Does 7 divide 2767702?
True
Is 177881 a multiple of 6?
False
Is 1950042 a multiple of 88?
False
Does 262 divide 120445?
False
Does 8 divide 83088?
True
Is 185 a factor of 1110?
True
Is 831 a factor of 1019637?
True
Is 3554800 a multiple of 40?
True
Does 49 divide 16109583?
True
Is 2405592 a multiple of 444?
True
Is 172 a factor of 264536?
True
Does 37 divide 384171?
True
Does 152 divide 10085?
False
Is 335 a factor of 1347088?
False
Is 12 a factor of 75013?
False
Is 6 a factor of 369111?
False
Is 4215540 a multiple of 154?
False
Does 111 divide 336185?
False
Is 28 a factor of 37309?
False
Is 1129 a factor of 14144112?
True
Is 1890786 a multiple of 103?
False
Is 560742 a multiple of 763?
False
Is 18192 a multiple of 52?
False
Is 4945050 a multiple of 4?
False
Is 43 a factor of 251808?
True
Is 9266650 a multiple of 185?
True
Does 35 divide 4880925?
True
Does 8 divide 280000?
True
Does 585 divide 244530?
True
Does 43 divide 6231080?
False
Is 44 a factor of 410699?
False
Is 18 a factor of 380754?
True
Is 4135824 a multiple of 176?
True
Does 47 divide 180527?
True
Is 332010 a multiple of 90?
True
Is 88 a factor of 95020?
False
Is 431523 a multiple of 156?
False
Does 14 divide 112056?
True
Does 175 divide 25965165?
False
Does 225 divide 52200?
True
Is 50285 a multiple of 233?
False
Is 2268351 a multiple of 27?
True
Is 1026021 a multiple of 71?
True
Is 628140 a multiple of 435?
True
Is 55440 a multiple of 280?
True
Is 392 a factor of 225151?
False
Does 61 divide 367246?
False
Does 70 divide 534059?
False
Is 11 a factor of 237876?
False
Does 259 divide 130536?
True
Is 73656 a multiple of 297?
True
Is 67 a factor of 213357?
False
Does 13 divide 923488?
False
Is 1510976 a multiple of 47?
False
Is 67309 a multiple of 350?
False
Does 166 divide 928472?
False
Is 475380 a multiple of 278?
True
Does 46 divide 3646475?
False
Is 20 a factor of 101054?
False
Is 502 a factor of 263671?
False
Is 66 a factor of 62330?
False
Is 172854 a multiple of 603?
False
Is 522835 a multiple of 3?
False
Does 92 divide 1366660?
True
Does 309 divide 2692244?
False
Is 20 a factor of 640212?
False
Does 167 divide 45498?
False
Is 1828 a multiple of 4?
True
Is 425513 a multiple of 11?
True
Is 1362060 a multiple of 345?
True
Does 38 divide 6493658?
False
Does 73 divide 123078?
True
Does 22 divide 6463904?
False
Does 11 divide 22638?
True
Is 19 a factor of 85595?
True
Is 69 a factor of 167787?
False
Is 20915440 a multiple of 595?
True
Does 60 divide 57900?
True
Is 39 a factor of 89851?
False
Is 289258 a multiple of 557?
False
Is 587 a factor of 5342029?
False
Is 56816 a multiple of 268?
True
Does 9 divide 512136?
True
Does 31 divide 8618?
True
Is 26157346 a multiple of 29?
False
Is 2288013 a multiple of 2?
False
Is 60 a factor of 9810915?
False
Is 118 a factor of 533961?
False
Is 105410 a multiple of 67?
False
Is 279 a factor of 2558209?
False
Is 2614149 a multiple of 45?
False
Is 3 a factor of 3249?
True
Does 885 divide 969075?
True
Does 129 divide 332049?
False
Is 74 a factor of 2892808?
True
Is 29 a factor of 1075784?
True
Is 42 a factor of 6982142?
False
Is 59 a factor of 357273?
False
Is 15 a factor of 14445?
True
Is 13446656 a multiple of 32?
True
Is 11472215 a multiple of 11?
False
Is 925 a factor of 1872200?
True
Does 8 divide 224150?
False
Is 16